 and g.
10
Suppose -5*u - 90 - 45 = 5*q, 69 = -2*u + 3*q. Let d be u/80 - 59/(-8). What is the greatest common factor of 63 and d?
7
Let b(j) = -j**3 - 5*j**2 - 3*j - 6. Let k(q) = q**2 - 2*q - 6. Let i be k(0). Let z be b(i). Calculate the greatest common factor of z and 16.
16
Let j(c) = 39*c**2 - 1 + c + c**3 + 2 - 34*c**2. Let h be j(-2). What is the greatest common factor of 1 and h?
1
Let d = 198 - 118. Let o(u) = u**2 - 10*u - 34. Let a be o(14). Suppose -16*y - a + 182 = 0. What is the highest common factor of d and y?
10
Let l = -424 - -472. What is the highest common divisor of 84 and l?
12
Let l(v) = v**2 - 2*v + 1. Let b be l(-7). Let x = -66 + 25. Let w = x + b. What is the highest common factor of w and 23?
23
Let y = 1435 - 623. What is the greatest common divisor of 28 and y?
28
Let y be 10/3 - 6/18. Let x = -15 + 14. Let q be 11 + (-4)/(x - y). Calculate the highest common divisor of 96 and q.
12
Let q(l) = -4*l + 21*l - 32 - 4*l + 2. Let u be q(10). What is the highest common divisor of u and 20?
20
Let m(q) = -q**3 - 13*q**2 + 15*q + 21. Let b be m(-14). Let r be 6/((4 - b) + 4). What is the highest common divisor of r and 9?
3
Suppose 327 = 3*l + 3*g, l - 45*g - 129 = -50*g. Calculate the greatest common factor of l and 8.
8
Suppose 3*g = 14*g - 209. Calculate the greatest common divisor of g and 475.
19
Let u = 134 - 96. What is the highest common divisor of 19 and u?
19
Let p(w) = -3*w**3 - w**2 - w + 30. Let a be p(0). What is the highest common divisor of 70 and a?
10
Suppose -11 = -6*l + 19. Suppose -l*o = -2*i - 4*o + 116, o + 284 = 5*i. Calculate the highest common factor of 280 and i.
56
Let k be 1/((-2)/(-20)*5). Suppose -5*z - 12 = -k*f + 21, -3*f - 5*z = -112. What is the highest common factor of f and 145?
29
Let y = -12 + 16. Suppose 5*d + y*x - 171 = -6, -d - 5*x = -33. Suppose -4*v = 9 - d. Calculate the greatest common factor of 24 and v.
6
Let l be (-1)/(-1) + 19 + -3. Suppose l = o - 3. Let c be 60*(2 + 3/(-2)). What is the highest common divisor of c and o?
10
Let i(z) = 5*z. Let q be i(2). Suppose 15*a = 11*a + 108. Let g = -17 + a. Calculate the highest common factor of g and q.
10
Let c(b) = -2*b**2 + 2*b. Let r be c(1). Suppose r = 2*p - 35 - 93. What is the greatest common divisor of 16 and p?
16
Suppose 0 = -5*k - 6 + 231. Let g = k + -31. Let u = 63 + -35. Calculate the highest common factor of u and g.
14
Let q be (-2)/(-4)*(1 + -1). Suppose q = -3*v + 24 + 21. Let d be (-9 - 276/(-24))/((-1)/(-2)). What is the greatest common factor of v and d?
5
Let b(t) = -2*t + 57. Let p be b(21). Calculate the greatest common divisor of p and 165.
15
Suppose 4*y + 12 = -l - l, 3*l + 2 = -2*y. Let q be 2*(-11)/y*2. Let g be -1 + q + (-6)/3. Calculate the highest common divisor of g and 2.
2
Suppose 0 = 26*j + 51 - 77. Let g = -11 + 18. Calculate the highest common divisor of j and g.
1
Suppose 4*c + 3*k = 28, -4*k + 27 = 4*c - 5. Suppose -i = c*f - 0*i - 42, -44 = -5*f + 3*i. Calculate the greatest common divisor of f and 70.
10
Suppose 2*h - 29 = 15. Suppose 3*b - 8 = h. What is the highest common divisor of 40 and b?
10
Suppose 0 = -2*d - m + 8, 4*m - 9 - 3 = -3*d. Suppose 50 + 82 = d*c. What is the greatest common factor of c and 55?
11
Suppose 3*a = 2*p - 26, -6*p + 40 = -3*p - 5*a. What is the highest common divisor of p and 215?
5
Let j = -7 - -138. Suppose 2*n - 5 = j. What is the highest common divisor of 102 and n?
34
Let q be (3/6)/((-1)/(-10)). Suppose 5*b - 80 = -2*m, -b + 176 = 4*m + b. Suppose -26*p + m = -25*p. Calculate the greatest common divisor of q and p.
5
Let u = 71 - 41. What is the greatest common divisor of u and 45?
15
Let y(u) = -u**3 - 14*u**2 - 40*u + 5. Let s be y(-10). What is the greatest common divisor of s and 1580?
5
Let t be (-215)/(-10)*(-4 - -6). What is the highest common factor of 387 and t?
43
Let c = 1305 - -234. Calculate the highest common factor of 81 and c.
81
Suppose -16*j + 15*j = -12. Let m = -10 - -70. Let f = m - -72. Calculate the greatest common factor of f and j.
12
Suppose -2*l + 4*d + 214 = 0, -2*l - 3*l + d + 499 = 0. Calculate the highest common divisor of l and 66.
33
Suppose 3*o - 70 = -33*x + 28*x, 3*o = -4*x + 65. Calculate the greatest common factor of 21 and o.
3
Let o be ((-160)/(-96))/(5/54). Calculate the greatest common factor of o and 18.
18
Suppose -a - 4*u + 4 = 0, u - 1 = 2*a - 0. Let l be 3 + (a/1)/(-1). Let z = -728 - -758. Calculate the highest common factor of z and l.
3
Let f be (2 - -11*2) + -1. Let y = 1516 - 1263. Calculate the highest common divisor of f and y.
23
Let f = 450 - 241. Let u be ((-19)/2)/(92/8 - 12). What is the greatest common divisor of f and u?
19
Suppose -3*o - 5*m = -2380, -206 - 610 = -o + 4*m. Calculate the highest common divisor of 25 and o.
25
Let n = 13 + -8. Let z = n - 28. Let p = -7 - z. What is the greatest common factor of 2 and p?
2
Let c(b) = 4*b**3 + 8*b**2 - 14*b. Let k be c(4). What is the highest common factor of 16 and k?
8
Let r be (2664/180)/(1/5). Calculate the highest common divisor of r and 518.
74
Let k = 4 + 1. Suppose -k*q + 104 = y - 14, -5*y = -q + 34. Let c be (3 + -1)/(-1) + 8. What is the greatest common factor of q and c?
6
Let y(r) = -8*r + 14. Let q = -18 - -21. Let a = -4 - q. Let j be y(a). What is the greatest common divisor of j and 14?
14
Let w(i) = 7*i - 136. Let j be w(44). What is the greatest common factor of 215 and j?
43
Let f = -56 + 126. Suppose -3*q + f = -2*s, 3*q - 52 = -4*s - 12. Calculate the greatest common factor of 5 and q.
5
Suppose -210 = -24*b + 126. What is the highest common factor of 406 and b?
14
Suppose 2*d - 4*z - 72 = 0, 14*d - 18*d = 4*z - 168. What is the greatest common divisor of d and 140?
20
Let l = 3 - -24. Let b(u) = 4*u**2 - 36*u + 98. Let k be b(5). Calculate the greatest common factor of k and l.
9
Suppose -3*o = -5*w - 115, 5*o - o + w = 161. Let f be o/25 + 6/(-10). Calculate the highest common factor of 5 and f.
1
Let r = -108 + 508. Calculate the highest common divisor of r and 50.
50
Let a be 4 - (4 - 4)/1. Suppose -5*y = -6*y + a*n - 3, -2*y + 14 = -4*n. What is the highest common factor of 68 and y?
17
Suppose 4*m + 18 + 174 = 0. Let f = 71 + m. Suppose 6*q - f = q - 3*y, -3*q + 4*y + 8 = 0. What is the highest common divisor of q and 28?
4
Let j be (-11088)/(-22)*7/((-56)/(-30)). Calculate the highest common divisor of 35 and j.
35
Suppose -3*a + 1140 = 77*r - 81*r, 4*r - 1520 = -4*a. Calculate the highest common divisor of a and 266.
38
Let p = -581 + 602. Calculate the greatest common divisor of 112 and p.
7
Let c be ((-60)/(-16))/((-7)/(-812)). Calculate the highest common factor of c and 15.
15
Suppose 5*x + 3*j = 13, 5*x + j - 9 - 2 = 0. What is the greatest common factor of 26 and x?
2
Let v(d) = 151*d + 157. Let a be v(3). Calculate the greatest common divisor of 5 and a.
5
Suppose -212 = 16*u - 244. Suppose 0 = 3*f + 6, 5*r = 3*f + f + 23. Let k be r*u*(-363)/(-22). Calculate the highest common factor of 11 and k.
11
Suppose -4*h + 221 = -5*g, -5*h - 153 + 508 = 5*g. Suppose -6*d - l + 12 = -2*d, 2*d - 4 = -l. Calculate the greatest common factor of h and d.
4
Let g be 843 + -71 - (3 - -1). What is the greatest common factor of 48 and g?
48
Let q = -301 + 411. Calculate the greatest common divisor of 10 and q.
10
Suppose 5*m = -a + 35, -2*m + 15 = 4*a - 17. Let x = 12 - m. Let v be (-242)/(-5) + 8/(-20). Calculate the highest common factor of x and v.
6
Let a be (-2 + (-112)/(-40))*10. Calculate the highest common divisor of a and 54.
2
Let c = -74 - -78. Calculate the highest common divisor of c and 52.
4
Let k be (78/5)/(16/120). Calculate the highest common factor of 18 and k.
9
Let r(c) = 6 - 6 - 4 - 1 - 21*c. Let p be r(-4). Let o = p - 54. What is the highest common factor of o and 175?
25
Let p = -1331 + 1333. What is the highest common divisor of p and 10?
2
Let t be (-6)/(-8) - (-340)/16. What is the highest common factor of t and 352?
22
Let p be 152/(-24)*111*(-2 - -1). Calculate the highest common factor of p and 57.
19
Let n(g) = g**2 + 11*g + 10. Let s be n(-7). Let j = 31 + s. Let a be (-585)/(-18)*(-2)/(-5). Calculate the highest common divisor of j and a.
13
Let d(l) = -2 - 3*l - 5 + 10*l**2 + l**3 + 